d v.
9
Suppose 686 = 13*z + 114. What is the highest common divisor of z and 33?
11
Suppose 610 = -10*v + 15*v. Let p = v + -117. What is the greatest common factor of 10 and p?
5
Suppose 2*t - 183 = 5*q, -48 + 369 = 4*t + 5*q. Let v be 20/15*3 + -2. Suppose -v*k - 19 = -61. What is the highest common divisor of k and t?
21
Let k = 36 + -7. Let v be ((-129)/(-6))/(1/2). Let j = v - k. Calculate the greatest common divisor of 14 and j.
14
Let x be (3/(-6))/(1/(-8)). Suppose 0*f - x*f + 8 = 0. Suppose -f*h + 10 = -2. Calculate the greatest common divisor of h and 48.
6
Suppose 0 = -9*r - 29 - 25. Let f be (-17 + 5 - 1)*r. Calculate the greatest common divisor of f and 39.
39
Suppose 40*f - 12870 = -5*f. Calculate the greatest common divisor of 26 and f.
26
Let g = 296 + -283. Let i(w) = w + 25. Let u be i(0). Let r = u - g. Calculate the greatest common factor of r and 12.
12
Let x(g) = 3*g**2 + g + 8. Let o be x(7). Suppose -2*k - 6 = 0, -4*r - k + 195 = -o. Suppose -f = f - r. Calculate the highest common divisor of f and 9.
9
Suppose 5*y + 9 + 1 = 0. Let t(g) = -12*g - 4. Let h be t(y). Let v be (-5)/((-3 + 0)/60). Calculate the greatest common divisor of h and v.
20
Let r(g) = 9*g + 135. Let t be r(-9). Calculate the highest common divisor of 540 and t.
54
Suppose -3*t = -3*o - 6 + 3, 3*t = -2*o + 23. Suppose -3*g + b - 4*b + 105 = 0, -20 = t*b. What is the greatest common factor of g and 26?
13
Let p = -140 - -164. Calculate the greatest common factor of p and 264.
24
Let b = -1019 + 1315. Calculate the highest common divisor of 111 and b.
37
Suppose 2*j - 46 = -26. What is the greatest common factor of 190 and j?
10
Let t = -394 + 398. Calculate the highest common divisor of t and 19.
1
Suppose -y + 1424 = 22*i - 19*i, -478 = -i + 3*y. Calculate the highest common divisor of i and 19.
19
Let x be 45*(2 - 5/5). What is the greatest common factor of x and 1215?
45
Let s = -54 - -53. Let j be (-1)/(4*s/(-12)*-1). Suppose -4*u + 3*n = -138, -2*n + 27 = u + n. What is the greatest common divisor of j and u?
3
Let u(q) = -q**2 - 4*q - 1. Let k be u(-2). Suppose 0 = 5*s + f - 251, -k*f = s + s - 103. Calculate the highest common factor of s and 10.
10
Let k be (4/(-6))/(57/(-8892)). What is the greatest common divisor of 91 and k?
13
Let h = 2677 + -2511. Calculate the highest common factor of h and 83.
83
Let x(q) = -q**3 - 4*q**2 + 59*q + 15. Let a be x(-10). Calculate the highest common divisor of a and 10.
5
Suppose -4*z = -5*r - 3*z + 29, -9 = -r - 3*z. Suppose -g - 175 = -r*g. Suppose g = 4*w - 1. What is the highest common factor of w and 36?
9
Suppose 34*s = -0*s + 1496. Suppose r + r + 42 = -2*a, -3*r = -a + 71. Let h = r + s. What is the greatest common factor of h and 21?
21
Suppose 0 = 2*x - 33 - 17. Suppose 4*a = x + 7. Calculate the greatest common divisor of 24 and a.
8
Let j = -394 + 412. What is the greatest common factor of 48 and j?
6
Let j be 8/6 - 71*(-1)/3. Suppose -22*t + j*t = 36. Calculate the highest common factor of 96 and t.
12
Let a be 8/(-52) - (-164)/52. Let w = a + -1. Let k be 56/2 - w*2. Calculate the greatest common divisor of k and 12.
12
Let u(k) = -25*k + 3. Let h(i) = i**2 + 3*i - 2. Let x be h(-3). Let l be u(x). Let p = 2 + l. What is the greatest common divisor of 22 and p?
11
Suppose 2*t - 18 = 6. Let r(c) = -c**3 + 26*c**2 - 19*c - 54. Let s be r(25). What is the greatest common factor of t and s?
12
Let g(p) = p**3 - 8*p**2 - 4*p + 35. Let l be g(8). What is the greatest common divisor of l and 2?
1
Let l(f) = f - 21. Let k be l(9). Let u be (-172)/(-14) - k/(-42). What is the greatest common factor of u and 120?
12
Suppose -5*y + 3 = -o, 0 = -o + 6*o + 2*y - 12. Suppose 0 = -n + 3, o*n = 5*l - 51 - 113. What is the highest common factor of l and 238?
34
Let y = -1639 + 3487. Calculate the highest common divisor of y and 8.
8
Let p = -217 - -478. Calculate the greatest common factor of p and 36.
9
Let m be (0 - 1) + (6 - 3). Suppose 29 + 31 = m*f. Suppose -q = -4*q + f. What is the greatest common divisor of 110 and q?
10
Let a be 5/1*((-12)/15 + 2). Let g = 8 - 4. Calculate the greatest common factor of g and a.
2
Suppose -2*o = 2*x - 524, -5*o = -o - 3*x - 1041. What is the highest common factor of o and 18?
9
Suppose f + 6 = 3*p + 26, 5*p + 36 = 2*f. Suppose -f*c + 294 = 46. Suppose m = 4*r - 994, -1136 - 102 = -5*r - m. What is the highest common divisor of c and r?
31
Let i be (-32)/(-14) - 2/7. Let p(t) = 4*t**2 - 97. Let z be p(-5). Calculate the greatest common factor of z and i.
1
Let d be (0 + -4)*(-10)/8. Suppose -2*j - d*p = 3, -3*p - 2*p - 69 = -4*j. What is the greatest common factor of j and 22?
11
Let v be (1 + 0 + -11)*-9. Suppose 0*x = 5*x - v. Suppose 2*i + x = 5*i. Calculate the greatest common factor of 2 and i.
2
Suppose -397 = -50*t + 1253. Let v be ((-3)/2)/(1/(-66)). Calculate the highest common divisor of v and t.
33
Let w = 443 - 413. What is the highest common divisor of w and 130?
10
Suppose 20 = -4*r, 30*r = 4*p + 34*r. What is the highest common divisor of 515 and p?
5
Let j(w) = -w**3 + 15*w**2 + 24*w - 48. Let i be j(16). What is the greatest common factor of 128 and i?
16
Suppose -207 = 2*p - 279. What is the greatest common divisor of 198 and p?
18
Suppose -8*h - 282 = -730. What is the greatest common divisor of h and 308?
28
Let q be (0/(1 + 3))/1. Suppose q = 2*s + 2*s - 324. Suppose 0 = -2*r - 4*a + 78, 2*r = -0*r - 3*a + s. Calculate the highest common divisor of r and 18.
9
Let o(z) = 2*z**2 + 13. Let g be o(6). Suppose 3*w = g + 35. Calculate the greatest common divisor of w and 100.
20
Suppose 5*v = 2*s - 4*s + 52, -3*s = -4*v - 55. Let c be (4 + (-2 - 9))*(-5 - -4). What is the highest common divisor of s and c?
7
Suppose 126 - 654 = -16*a. What is the greatest common factor of a and 55?
11
Suppose -4*u + 216 + 40 = 0. Suppose -4*y - 2*n = -3*n - u, -n = 0. What is the highest common factor of y and 24?
8
Let g be 161/49 - (23/7 - 3). Calculate the highest common factor of g and 1.
1
Let b = 1966 + -1299. Calculate the highest common divisor of 29 and b.
29
Let s = -68 - -83. Let m be (-6)/s + 1589/35. Calculate the greatest common factor of 18 and m.
9
Suppose 18*m + 1425 = 43*m. Calculate the highest common factor of m and 228.
57
Suppose 4*x - x = 0. Let z(p) = p**2 + p + 7. Let r be z(x). Suppose -4*y + 3*w = -65, -y + r*w = 2*w - 12. What is the greatest common divisor of 187 and y?
17
Let z be 5 + 3/6*292. Suppose -275 - z = -2*m - 3*g, -2*g = 5*m - 1076. What is the highest common divisor of 27 and m?
27
Let r be (-24)/(-228) + 655/95. Calculate the greatest common factor of r and 2.
1
Let k be 52/9 - 12/(-54). Let l be 21/(-42)*(-9 - -1). Suppose -68 = -l*z + i, 5*z - i = -3*i + 98. Calculate the highest common divisor of k and z.
6
Suppose -2*w = 4*c - 7*w - 136, 4*c + w = 160. What is the greatest common factor of c and 429?
39
Let s be -116*((-120)/16 - -7). Calculate the highest common divisor of s and 174.
58
Suppose 2208 = -13*r + 61*r. Calculate the greatest common divisor of 437 and r.
23
Suppose 7 - 11 = 4*h. Let j(r) = -133*r**3 + 2*r**2 + 2*r + 1. Let o be j(h). Let f = o - 94. Calculate the highest common divisor of 20 and f.
20
Let m be 1/(3/6) - -1. Suppose m*j = -5*n + 325, 3*n - 7*n + 520 = 5*j. Let t be (100/(-80))/((-1)/32). What is the greatest common factor of t and j?
20
Let h(l) = l**3 - 4*l**2 + 6*l. Let c be h(4). Let p(s) = 4*s + 2. Let v be p(3). Let f = v + -6. What is the highest common factor of f and c?
8
Let r be 2*2/(-28) + 968/14. Calculate the greatest common divisor of r and 69.
69
Suppose 85*y = 53*y + 8000. Calculate the greatest common divisor of 75 and y.
25
Suppose -151*h + 736 = -135*h. Calculate the greatest common divisor of h and 989.
23
Let t(i) = -i**3 + 6*i**2 + 18*i - 33. Let j be t(7). What is the greatest common divisor of j and 44?
44
Let x = 105 + 480. Suppose 2*o + 0*f - 386 = -2*f, 3*o + f - x = 0. What is the greatest common divisor of o and 28?
28
Let l be (-104)/(-130) - ((-12864)/(-10))/(-2). What is the greatest common divisor of l and 28?
28
Suppose -n + 640 = 2*n + y, -4*y = -3*n + 665. Suppose -3*l + n - 35 = 0. What is the highest common divisor of 12 and l?
12
Suppose -5*a = -t - 0 -